{"id":50429,"date":"2019-03-28T14:54:53","date_gmt":"2019-03-28T12:54:53","guid":{"rendered":"https:\/\/orkesterforbundet.se\/orkesterora\/?page_id=50429"},"modified":"2019-03-28T16:06:40","modified_gmt":"2019-03-28T14:06:40","slug":"landets-orkestrar-enkatundersokning","status":"publish","type":"page","link":"https:\/\/orkesterforbundet.se\/orkesterora\/landets-orkestrar-enkatundersokning\/","title":{"rendered":"Landets orkestrar &#8211; enk\u00e4tunders\u00f6kning"},"content":{"rendered":"<div class=\"wpb-content-wrapper\"><p>[vc_row row_height_percent=&#8221;0&#8243; override_padding=&#8221;yes&#8221; h_padding=&#8221;2&#8243; top_padding=&#8221;1&#8243; bottom_padding=&#8221;4&#8243; back_color=&#8221;color-jevc&#8221; overlay_alpha=&#8221;100&#8243; gutter_size=&#8221;3&#8243; shift_y=&#8221;0&#8243; row_height_use_pixel=&#8221;&#8221;][vc_column column_width_use_pixel=&#8221;yes&#8221; font_family=&#8221;font-134980&#8243; overlay_alpha=&#8221;50&#8243; gutter_size=&#8221;2&#8243; medium_width=&#8221;0&#8243; shift_x=&#8221;0&#8243; shift_y=&#8221;0&#8243; z_index=&#8221;0&#8243; zoom_width=&#8221;0&#8243; zoom_height=&#8221;0&#8243; column_width_pixel=&#8221;800&#8243; width=&#8221;1\/2&#8243;][vc_empty_space empty_h=&#8221;3&#8243;][vc_column_text]<span style=\"color: #ffffff;\">Klicka p\u00e5 diagrammen f\u00f6r st\u00f6rre bild<\/span>[\/vc_column_text][vc_gallery el_id=&#8221;gallery-499444&#8243; medias=&#8221;50432,50433,50434,50435,50436,50437&#8243; gutter_size=&#8221;3&#8243; screen_lg=&#8221;1000&#8243; screen_md=&#8221;600&#8243; screen_sm=&#8221;480&#8243; single_overlay_opacity=&#8221;50&#8243; single_padding=&#8221;2&#8243;][\/vc_column][vc_column width=&#8221;1\/2&#8243;][vc_empty_space empty_h=&#8221;4&#8243;][vc_column_text]<\/p>\n<h4><span style=\"color: #ffffff;\">2016 genomf\u00f6rdes en enk\u00e4tunders\u00f6kning kring h\u00f6rsel- och ljudsituationen hos musiker i Sveriges Orkesterf\u00f6rbunds medlemsorkestrar. Svarande var i \u00e5ldrarna 16-82 \u00e5r. H\u00e4r visas resultaten fr\u00e5n ett litet urval av fr\u00e5gorna.<\/span><\/h4>\n<p><span style=\"color: #ffffff;\">Slutsats utifr\u00e5n enk\u00e4tsvaren:<\/span><\/p>\n<p><span style=\"color: #ffffff;\">\u2022 H\u00f6rselproblem finns inom alla i stort sett alla orkestrar, oavsett musikalisk niv\u00e5, medlemsantal eller \u00e5ldersspann.<\/span><\/p>\n<p><span style=\"color: #ffffff;\">\u2022 F\u00f6r h\u00f6ga ljudvolymer under f\u00f6r l\u00e5ng tid \u00e4r det som i huvudsak oroar och ocks\u00e5 ger skador.<\/span><\/p>\n<p><span style=\"color: #ffffff;\">\u2022 Repetitionslokalerna \u00e4r s\u00e4llan anpassade f\u00f6r just den orkester det g\u00e4ller. Vanligt problem \u00e4r att lokalen \u00e4r f\u00f6r liten kontra antal personer och ljudniv\u00e5 man uppn\u00e5r.<\/span><\/p>\n<p><span style=\"color: #ffffff;\">\u2022 Trots stora problem lyfts s\u00e4llan fr\u00e5gan. Okunskap, tidsbrist och bilden av att det \u00e4r alldeles f\u00f6r dyrt att \u00e5tg\u00e4rda problemen ses som sk\u00e4l till detta.<\/span><\/p>\n<p><span style=\"color: #ffffff;\">\u2022 En stor majoritet anser dock att fr\u00e5gan borde lyftas. Man \u00f6nskar hj\u00e4lp utifr\u00e5n f\u00f6r att f\u00e5 ig\u00e5ng processen och \u00f6ka kunskapen. Man \u00f6nskar ocks\u00e5 tips p\u00e5 h\u00f6rselrelaterade produkter.<\/span>[\/vc_column_text][\/vc_column][\/vc_row]<\/p>\n<\/div>","protected":false},"excerpt":{"rendered":"<p>[vc_row row_height_percent=&#8221;0&#8243; override_padding=&#8221;yes&#8221; h_padding=&#8221;2&#8243; top_padding=&#8221;1&#8243; bottom_padding=&#8221;4&#8243; back_color=&#8221;color-jevc&#8221; overlay_alpha=&#8221;100&#8243; gutter_size=&#8221;3&#8243; shift_y=&#8221;0&#8243; row_height_use_pixel=&#8221;&#8221;][vc_column column_width_use_pixel=&#8221;yes&#8221; font_family=&#8221;font-134980&#8243; overlay_alpha=&#8221;50&#8243; gutter_size=&#8221;2&#8243; medium_width=&#8221;0&#8243; shift_x=&#8221;0&#8243; shift_y=&#8221;0&#8243; z_index=&#8221;0&#8243; zoom_width=&#8221;0&#8243; [&hellip;]<\/p>\n","protected":false},"author":3,"featured_media":50441,"parent":0,"menu_order":0,"comment_status":"closed","ping_status":"closed","template":"","meta":{"footnotes":""},"class_list":["post-50429","page","type-page","status-publish","has-post-thumbnail","hentry"],"_links":{"self":[{"href":"https:\/\/orkesterforbundet.se\/orkesterora\/wp-json\/wp\/v2\/pages\/50429","targetHints":{"allow":["GET"]}}],"collection":[{"href":"https:\/\/orkesterforbundet.se\/orkesterora\/wp-json\/wp\/v2\/pages"}],"about":[{"href":"https:\/\/orkesterforbundet.se\/orkesterora\/wp-json\/wp\/v2\/types\/page"}],"author":[{"embeddable":true,"href":"https:\/\/orkesterforbundet.se\/orkesterora\/wp-json\/wp\/v2\/users\/3"}],"replies":[{"embeddable":true,"href":"https:\/\/orkesterforbundet.se\/orkesterora\/wp-json\/wp\/v2\/comments?post=50429"}],"version-history":[{"count":5,"href":"https:\/\/orkesterforbundet.se\/orkesterora\/wp-json\/wp\/v2\/pages\/50429\/revisions"}],"predecessor-version":[{"id":50431,"href":"https:\/\/orkesterforbundet.se\/orkesterora\/wp-json\/wp\/v2\/pages\/50429\/revisions\/50431"}],"wp:featuredmedia":[{"embeddable":true,"href":"https:\/\/orkesterforbundet.se\/orkesterora\/wp-json\/wp\/v2\/media\/50441"}],"wp:attachment":[{"href":"https:\/\/orkesterforbundet.se\/orkesterora\/wp-json\/wp\/v2\/media?parent=50429"}],"curies":[{"name":"wp","href":"https:\/\/api.w.org\/{rel}","templated":true}]}}