{"id":50023,"date":"2018-03-23T14:53:54","date_gmt":"2018-03-23T12:53:54","guid":{"rendered":"https:\/\/orkesterforbundet.se\/orkesterora\/?page_id=50023"},"modified":"2018-03-23T15:00:31","modified_gmt":"2018-03-23T13:00:31","slug":"eartech","status":"publish","type":"page","link":"https:\/\/orkesterforbundet.se\/orkesterora\/hjalpmedel\/eartech\/","title":{"rendered":"Rabatt hos Eartech i Stockholm"},"content":{"rendered":"<div class=\"wpb-content-wrapper\"><p>[vc_row][vc_column column_width_percent=&#8221;75&#8243; overlay_alpha=&#8221;50&#8243; gutter_size=&#8221;3&#8243; medium_width=&#8221;0&#8243; shift_x=&#8221;0&#8243; shift_y=&#8221;0&#8243; z_index=&#8221;0&#8243; width=&#8221;1\/1&#8243;][vc_single_image media=&#8221;50024&#8243; media_width_percent=&#8221;50&#8243; alignment=&#8221;center&#8221; media_link=&#8221;url:http%3A%2F%2Feartech.se||target:%20_blank|&#8221;][\/vc_column][\/vc_row][vc_row row_height_percent=&#8221;0&#8243; override_padding=&#8221;yes&#8221; h_padding=&#8221;2&#8243; top_padding=&#8221;2&#8243; bottom_padding=&#8221;0&#8243; overlay_alpha=&#8221;50&#8243; gutter_size=&#8221;3&#8243; shift_y=&#8221;0&#8243;][vc_column column_width_percent=&#8221;75&#8243; align_horizontal=&#8221;align_center&#8221; overlay_alpha=&#8221;50&#8243; gutter_size=&#8221;3&#8243; medium_width=&#8221;0&#8243; shift_x=&#8221;0&#8243; shift_y=&#8221;0&#8243; z_index=&#8221;0&#8243;][vc_custom_heading text_size=&#8221;h1&#8243;]10% rabatt p\u00e5 s\u00e5v\u00e4l formgjutna h\u00f6rselskydd som h\u00f6rlurar och produkter du inte beh\u00f6ver g\u00f6ra avgjutningar till.<\/p>\n<p>&nbsp;<\/p>\n<p>[\/vc_custom_heading][\/vc_column][\/vc_row][vc_row row_height_percent=&#8221;0&#8243; override_padding=&#8221;yes&#8221; h_padding=&#8221;2&#8243; top_padding=&#8221;2&#8243; bottom_padding=&#8221;3&#8243; overlay_alpha=&#8221;50&#8243; gutter_size=&#8221;3&#8243; shift_y=&#8221;0&#8243;][vc_column column_width_percent=&#8221;75&#8243; overlay_alpha=&#8221;50&#8243; gutter_size=&#8221;3&#8243; medium_width=&#8221;0&#8243; shift_x=&#8221;0&#8243; shift_y=&#8221;0&#8243; z_index=&#8221;0&#8243;][vc_column_text]Som medlem i <span style=\"color: #33cccc;\"><a style=\"color: #33cccc; text-decoration: underline;\" href=\"http:\/\/orkesterforbundet.se\/\" target=\"_blank\">Sveriges Orkesterf\u00f6rbund<\/a><\/span>\u00a0f\u00e5r du\u00a010% rabatt hos <a href=\"http:\/\/eartech.se\" target=\"_blank\"><span style=\"color: #33cccc;\">Eartech<\/span><\/a>. Rabatten\u00a0g\u00e4ller formgjutna h\u00f6rselskydd och \u00e4ven h\u00f6rlurar och produkter du inte beh\u00f6ver g\u00f6ra avgjutningar till. Eartech\u00a0har ett g\u00e4ng sp\u00e4nnande produkter f\u00f6r musiker som: Music 2in1, ER-h\u00f6rselskydd, Tunz In-Ear Monitors, Eartech DM och Earasers.<\/p>\n<p>Eartech H\u00f6rselkliniker,\u00a0G\u00e5rdsfogdev\u00e4gen 18C,\u00a016867 Bromma\u00a0<span style=\"color: #33cccc;\"><a style=\"color: #33cccc;\" href=\"http:\/\/www.eartech.se\/\" target=\"_blank\">www.eartech.se<\/a><\/span><\/p>\n<p>Ange ditt medlemsnummer vid best\u00e4llning. Enskilt medlemskap hos Sveriges Orkesterf\u00f6rbund kostar 150 kr om \u00e5ret. Medlemskapet ger dessutom m\u00e5nga fler f\u00f6rdelar!<\/p>\n<p>[\/vc_column_text][\/vc_column][\/vc_row]<\/p>\n<\/div>","protected":false},"excerpt":{"rendered":"<p>10% p\u00e5 h\u00f6rselskydd, h\u00f6rlurar och annat. <\/p>\n","protected":false},"author":3,"featured_media":50024,"parent":49556,"menu_order":1,"comment_status":"closed","ping_status":"closed","template":"","meta":{"footnotes":""},"class_list":["post-50023","page","type-page","status-publish","has-post-thumbnail","hentry","page_category-hjalpmedel"],"_links":{"self":[{"href":"https:\/\/orkesterforbundet.se\/orkesterora\/wp-json\/wp\/v2\/pages\/50023","targetHints":{"allow":["GET"]}}],"collection":[{"href":"https:\/\/orkesterforbundet.se\/orkesterora\/wp-json\/wp\/v2\/pages"}],"about":[{"href":"https:\/\/orkesterforbundet.se\/orkesterora\/wp-json\/wp\/v2\/types\/page"}],"author":[{"embeddable":true,"href":"https:\/\/orkesterforbundet.se\/orkesterora\/wp-json\/wp\/v2\/users\/3"}],"replies":[{"embeddable":true,"href":"https:\/\/orkesterforbundet.se\/orkesterora\/wp-json\/wp\/v2\/comments?post=50023"}],"version-history":[{"count":5,"href":"https:\/\/orkesterforbundet.se\/orkesterora\/wp-json\/wp\/v2\/pages\/50023\/revisions"}],"predecessor-version":[{"id":50036,"href":"https:\/\/orkesterforbundet.se\/orkesterora\/wp-json\/wp\/v2\/pages\/50023\/revisions\/50036"}],"up":[{"embeddable":true,"href":"https:\/\/orkesterforbundet.se\/orkesterora\/wp-json\/wp\/v2\/pages\/49556"}],"wp:featuredmedia":[{"embeddable":true,"href":"https:\/\/orkesterforbundet.se\/orkesterora\/wp-json\/wp\/v2\/media\/50024"}],"wp:attachment":[{"href":"https:\/\/orkesterforbundet.se\/orkesterora\/wp-json\/wp\/v2\/media?parent=50023"}],"curies":[{"name":"wp","href":"https:\/\/api.w.org\/{rel}","templated":true}]}}