{"id":49606,"date":"2017-06-20T08:29:21","date_gmt":"2017-06-20T06:29:21","guid":{"rendered":"https:\/\/orkesterforbundet.se\/orkesterora\/?page_id=49606"},"modified":"2017-06-20T08:46:22","modified_gmt":"2017-06-20T06:46:22","slug":"horselvard","status":"publish","type":"page","link":"https:\/\/orkesterforbundet.se\/orkesterora\/horselvard\/","title":{"rendered":"H\u00f6rselv\u00e5rd ur folkh\u00e4lsoperspektiv"},"content":{"rendered":"<div class=\"wpb-content-wrapper\"><p>[vc_row][vc_column][vc_column_text]<\/p>\n<div class=\"page\" title=\"Page 1\">\n<div class=\"layoutArea\">\n<div class=\"column\">\n<p style=\"text-align: left;\">Anders J\u00f6nsson, civilingenj\u00f6r med inriktning teknisk audiologi, var en\u00a0av f\u00f6rel\u00e4sarna vid Stora ljud- &amp; h\u00f6rseldagen 2017 som arrangerades av\u00a0Med \u00f6ra f\u00f6r orkester.\u00a0Anders skrev 2016 en rapport, H\u00f6rselv\u00e5rd ur\u00a0folkh\u00e4lsoperspektiv, p\u00e5 uppdrag av nordiska Audiologiska S\u00e4llskapet.\u00a0<a href=\"http:\/\/www.nas.dk\/files\/nas_report_2016\/nas_report_2016_hearing_care_in_sweden.pdf\"><span style=\"color: #33cccc;\">Klicka h\u00e4r<\/span><\/a> f\u00f6r att ta del av en mycket intressant och\u00a0fram\u00e5tblickande rapport!<\/p>\n<\/div>\n<\/div>\n<\/div>\n<p>[\/vc_column_text][\/vc_column][\/vc_row]<\/p>\n<\/div>","protected":false},"excerpt":{"rendered":"<p>H\u00e4r kan du l\u00e4sa Anders J\u00f6nssons (civ. ing. &#8211; teknisk audiologi) rapport fr\u00e5n 2016 &#8211;<br \/>\n&#8221;H\u00f6rselv\u00e5rd ur folkh\u00e4lsoperspektiv&#8221;<br \/>\n&#8211; en rapport med sikte p\u00e5 framtiden p\u00e5 uppdrag av Nordiska Audiologiska S\u00e4llskapet.\u00a0<\/p>\n","protected":false},"author":3,"featured_media":49607,"parent":0,"menu_order":0,"comment_status":"closed","ping_status":"closed","template":"","meta":{"footnotes":""},"class_list":["post-49606","page","type-page","status-publish","has-post-thumbnail","hentry","page_category-utbildningsmaterial"],"_links":{"self":[{"href":"https:\/\/orkesterforbundet.se\/orkesterora\/wp-json\/wp\/v2\/pages\/49606","targetHints":{"allow":["GET"]}}],"collection":[{"href":"https:\/\/orkesterforbundet.se\/orkesterora\/wp-json\/wp\/v2\/pages"}],"about":[{"href":"https:\/\/orkesterforbundet.se\/orkesterora\/wp-json\/wp\/v2\/types\/page"}],"author":[{"embeddable":true,"href":"https:\/\/orkesterforbundet.se\/orkesterora\/wp-json\/wp\/v2\/users\/3"}],"replies":[{"embeddable":true,"href":"https:\/\/orkesterforbundet.se\/orkesterora\/wp-json\/wp\/v2\/comments?post=49606"}],"version-history":[{"count":5,"href":"https:\/\/orkesterforbundet.se\/orkesterora\/wp-json\/wp\/v2\/pages\/49606\/revisions"}],"predecessor-version":[{"id":49796,"href":"https:\/\/orkesterforbundet.se\/orkesterora\/wp-json\/wp\/v2\/pages\/49606\/revisions\/49796"}],"wp:featuredmedia":[{"embeddable":true,"href":"https:\/\/orkesterforbundet.se\/orkesterora\/wp-json\/wp\/v2\/media\/49607"}],"wp:attachment":[{"href":"https:\/\/orkesterforbundet.se\/orkesterora\/wp-json\/wp\/v2\/media?parent=49606"}],"curies":[{"name":"wp","href":"https:\/\/api.w.org\/{rel}","templated":true}]}}